 n(7). Let g = v + -36. Let p = 13 + -6. What is the remainder when g is divided by p?
5
Suppose 10*s = 13*s - 621. Calculate the remainder when s is divided by 5.
2
What is the remainder when 2/(-5) - 28*(-34)/5 is divided by 3/18*292 + 2/(-3)?
46
Suppose 3*d - 3*x + 8 = 2*x, 5*d - 16 = x. Suppose 2*r + 30 = d*i, -2*r = -i - 7*r + 24. What is the remainder when 124 is divided by i?
7
Suppose -4*b + 10 = -26. Let c = b - 8. What is the remainder when 122 + 3/(-2 - c) is divided by 31?
28
Let g(x) = -3*x**2 - 110*x + 47. What is the remainder when g(-35) is divided by 45?
42
Let u = 28 - 10. Suppose -9*g = 12*g - 14*g - 112. Calculate the remainder when u is divided by g.
2
Suppose 4*y + 2*p = 72, 5*p = -3*y + 6*p + 44. Calculate the remainder when 203 is divided by y.
11
Let v = -29 + 75. Suppose -v = -i + 5*b - 16, 5*b = -2*i + 15. Suppose -39 = 2*u - 97. Calculate the remainder when u is divided by i.
14
Suppose -g + 15 = -4*t, 0*t + t = 3*g - 1. Calculate the remainder when (1 + -1 + -3)/(t/124) is divided by 14.
9
Let t = 881 - 355. What is the remainder when t is divided by 31?
30
What is the remainder when 141 is divided by (93/155)/((-38)/40 - -1)?
9
Let w = -40 + 29. Let c(x) = -x**2 - 14*x - 24. What is the remainder when 15 is divided by c(w)?
6
Suppose -f - 2 = 0, 2*f = -5*s - 66 + 7. Let h = s - -16. Suppose -4*x - h*o = -52, 5*x + o - 52 = x. Calculate the remainder when 36 is divided by x.
10
Suppose -113*x - 792 = -121*x. Calculate the remainder when x is divided by 47.
5
Let v(d) = d**2 + 10*d + 11. Let t be v(-9). What is the remainder when 3*t/(-12)*-52 is divided by 14?
12
Let p(m) = -4*m + 3. Let r = 1584 - 1579. What is the remainder when p(-5) is divided by r?
3
Let x(o) = -o**2 + 6*o - 5. Let g be x(4). Let h(t) = 133*t**3 - 3 - 132*t**g + t**2 - 5*t + 2*t**2. Calculate the remainder when 47 is divided by h(-3).
11
Suppose 0 = -2*g + 22 + 20. Let o = 41 - g. Calculate the remainder when 97 is divided by o.
17
Let f(a) = 43*a - 411. What is the remainder when 34 is divided by f(10)?
15
Let q = -73 - -84. Let c(j) = -j**3 + 12*j**2 - 10*j - 6. Calculate the remainder when 21 is divided by c(q).
1
Let s(j) = -9*j - 139. Calculate the remainder when 387 is divided by s(-18).
19
Calculate the remainder when 5 + ((-1225)/(-5))/7 is divided by 23.
17
Let n be 5 - (1 + -374 - 0). Calculate the remainder when 83 is divided by 15/(-2)*n/(-135).
20
Let c(f) = -55*f + 245. What is the remainder when c(-8) is divided by 86?
83
Suppose -3*t - 7 + 169 = -3*n, -5*n = 3*t - 138. Calculate the remainder when 138 is divided by t.
36
Suppose -986 = -8*n - 186. Calculate the remainder when 897 is divided by n.
97
Let b(d) = -4*d**3 + 3*d**2 + 4*d - 2. Let j(k) = 5*k**3 - 4*k**2 - 5*k + 2. Let i(u) = 4*b(u) + 3*j(u). Calculate the remainder when i(-3) is divided by 7.
1
Let y = 4 + 11. Let g(c) = -c**2 + 20*c + 36. Suppose 4 = -4*m, -3*m = f + m - 13. Calculate the remainder when g(f) is divided by y.
12
Suppose -12*q + 9*q = -9. Suppose q*c - 211 = 14. Suppose 3*f - c = -2*f. What is the remainder when f is divided by 9?
6
Let a(g) = g**3 + 20*g**2 + 18*g - 15. Let v be a(-19). Suppose 181 - 29 = v*y. Calculate the remainder when y is divided by 22.
16
Suppose 0 = -11*l + 6*l + 15. Suppose 0 + l = b. Suppose 36 = 2*w - b*y, 5*w - 56 = -y - 0*y. What is the remainder when 45 is divided by w?
9
Let a = 7 - 5. Let c(q) = -4 + 2*q - 1 + 0 - q. Calculate the remainder when a is divided by c(6).
0
Let o be (-5)/(5/3) + 3*-7. What is the remainder when 26 is divided by o*(5/(-2) - -4 - 2)?
2
Let x = 185 - 40. Suppose y = 6*y - x. What is the remainder when 85 is divided by y?
27
Suppose -5*q + 3*x = 8 + 52, -31 = 4*q + x. Let i = q - -15. Suppose k - 40 = i. Calculate the remainder when k is divided by 24.
22
Let i(j) be the third derivative of j**6/120 + j**5/10 - j**4/24 + 2*j**3/3 - 13*j**2. Calculate the remainder when 15 is divided by i(-6).
5
Let w(r) = -r**3 - 5*r**2 - 2*r - 1. Let f be w(-4). Let a = 11 + f. Let u = 49 + a. Calculate the remainder when u is divided by 13.
12
Let w(m) = 3*m**2 - 37*m - 25. Calculate the remainder when 348 is divided by w(14).
33
Suppose -2*x - 135 = -x. Let h = -1 - x. Calculate the remainder when h is divided by 47.
40
What is the remainder when ((-51)/6)/((-552)/(-80) - 7) is divided by 4?
1
Let c = -14 - -16. Suppose -3*y - c*y + 85 = q, -y + 3 = 3*q. Calculate the remainder when 50 is divided by y.
14
Let x = 333 - 256. Calculate the remainder when x is divided by 9.
5
Let t = -12 + 17. Calculate the remainder when 6/(-2) - (-36 + t) is divided by 15.
13
Suppose -9*w = -n - 8*w + 14, -3*n + w + 32 = 0. What is the remainder when 78 is divided by n?
6
Suppose -f = 11 + 14. Let y = f - -36. What is the remainder when 41 is divided by y?
8
Let t = 198 - 194. Let a be ((-558)/7)/((-1)/7). Suppose h + 4*h = t*g - a, -g - 2*h + 133 = 0. Calculate the remainder when g is divided by 28.
25
Let v = 351 + -292. What is the remainder when 173 is divided by v?
55
What is the remainder when (4 - 56)*((-63)/6)/7 is divided by 28?
22
Let o be 1*154*1 - 1. Suppose 0 = 5*i - o - 137. Suppose -119 = -6*w + 61. Calculate the remainder when i is divided by w.
28
Let b(k) = -3*k**2 - 47*k - 1. Calculate the remainder when b(-13) is divided by 102.
1
Let h(z) = z**3 - 18*z**2 - 18*z + 5. Calculate the remainder when 56 is divided by h(19).
8
Let u(d) = -10*d - 36. What is the remainder when u(-13) is divided by 14?
10
Suppose 15*j - 40 = 19*j. What is the remainder when 120/(-3)*8/j is divided by 7?
4
Let u(y) be the first derivative of y**4/4 + 7*y**3/3 - y**2 - 9*y - 3. Let m = -9 - -5. What is the remainder when u(m) is divided by 10?
7
Suppose -2*t - 62 = -4*o, 2*t = 3*o + 22 - 66. Suppose -z + 5*z = -16. Let s = z - -9. Calculate the remainder when o is divided by s.
3
What is the remainder when 199 is divided by -102*3/(81/(-18))?
63
Let d = 34 + -27. Let y(g) = g**3 - 8*g**2 - 6*g + 5. Let c = 29 - 20. What is the remainder when y(c) is divided by d?
4
Suppose -2*b + r - 13 + 3 = 0, -b = 4*r + 14. Let k be b/(-18) + 518/3. Let a = k - 79. Calculate the remainder when a is divided by 24.
22
What is the remainder when -5 - 8/6*-96 is divided by 101?
22
Suppose 0 = 2*f - 19 - 11. Let i = 157 - 151. What is the remainder when f is divided by i?
3
Let o be (2/3)/(14/(-357)). Let c = o - -36. Calculate the remainder when c is divided by 11.
8
Let w(m) = -2*m - 23. Let u be w(-11). Let q(l) be the first derivative of -11*l**2/2 - l - 2. What is the remainder when 16 is divided by q(u)?
6
Let c = -18 - -19. Suppose -r - r + 2*z = -182, -5*r + 449 = -2*z. Calculate the remainder when r is divided by 1208/40 - c/5.
29
Suppose -2*u = 2*l + 12, 4*u + l + 4 = -5. Let y be (-2 - (u - 2))*2. Suppose -n = -y*n + 14. What is the remainder when 27 is divided by n?
13
Let h(t) = -3*t - 5. Let v(c) = 7*c**2 + 2*c. Calculate the remainder when v(3) is divided by h(-5).
9
Suppose 0 = -30*q + 25*q + 60. Let c = q + -6. Calculate the remainder when 22 is divided by c.
4
Let t = 268 + -180. Calculate the remainder when 184 is divided by t.
8
Let f = 36 - 26. Suppose -f*a - 40 = -15*a. What is the remainder when a is divided by 5?
3
What is the remainder when (2*478/(-16))/((-6)/240) is divided by 57?
53
Let w = 558 + -482. Calculate the remainder when 146 is divided by w.
70
Suppose 329 = 5*m + 99. Let x(b) = -2*b**2 + 2*b - 3. Let q be x(3). Let i = -3 - q. What is the remainder when m is divided by i?
10
Let o = 1707 - 1689. What is the remainder when 115 is divided by o?
7
Let y be (-24)/(-18)*(-846)/(-4). Suppose -4*v + 5*g = -251, -y - 33 = -5*v + 5*g. Suppose -6 + 28 = d. What is the remainder when v is divided by d?
20
Let h be 2/10 + 1520/(-100). Let i(z) = -z**2 - 18*z - 28. Let k = -29 + 76. What is the remainder when k is divided by i(h)?
13
Suppose 205 = 2*x + s, -81*x + 530 = -76*x - s. What is the remainder when 190 is divided by x?
85
Let v = -813 + 819. Let w = 37 - 12. What is the remainder when w is divided by v?
1
Suppose 6*l - 115 = 113. Suppose 4*p - l = -2*n, 2*p - 4*n - 45 = -p. What is the remainder when p is divided by 3?
2
Let g(k) = 4*k**2 + 20*k - 6. What is the remainder when 231 is divided by g(-6)?
15
Suppos